0411
Convert 11101101001001101 (base 2) to base 7.
1013666
Convert -599430 (base 10) to base 2.
-10010010010110000110
11212111112111 (base 3) to base 2
1001110111111010110101
-5cef (base 16) to base 10
-23791
22515105 (base 6) to base 4
2221203101
133725 (base 8) to base 15
de26
522505022 (base 6) to base 16
8ab8a6
What is -174b9 (base 16) in base 10?
-95417
Convert -2451512 (base 6) to base 9.
-220088
-100000100101111000 (base 2) to base 10
-133496
-3743726 (base 8) to base 10
-1034198
Convert e9f5 (base 16) to base 13.
21352
Convert -205364013 (base 7) to base 16.
-b9e9f8
-44286 (base 13) to base 5
-12422410
2d56 (base 15) to base 16
261c
Convert 11020123 (base 6) to base 10.
329235
What is 555453 (base 7) in base 15?
1e079
What is 1902798 (base 10) in base 8?
7204316
Convert 10101101001001110 (base 2) to base 9.
144544
Convert -88576 (base 10) to base 12.
-43314
What is 1184402 (base 9) in base 13?
1981a3
-83a77a (base 15) to base 3
-102210011021121
Convert 3124044 (base 5) to base 11.
35998
Convert -1331031133 (base 5) to base 9.
-6316380
-112021200212 (base 3) to base 12
-116872
What is 753a8 (base 11) in base 12?
53533
What is 2536654 (base 9) in base 8?
5214477
What is -324661 (base 7) in base 9?
-86077
What is 1183929 (base 14) in base 7?
131161152
What is 294170 (base 10) in base 9?
487465
-4000578 (base 10) to base 15
-540553
What is 502111 (base 6) in base 9?
58877
Convert -269211 (base 10) to base 6.
-5434203
-1000020022221 (base 3) to base 6
-15253424
What is -61302 (base 10) in base 13?
-21b97
What is -716315 (base 11) in base 12?
-475877
What is -37a768 (base 12) in base 16?
-de2c0
What is -14647653 (base 8) in base 14?
-6376b1
Convert -11263130 (base 7) to base 5.
-223142221
-1372935 (base 14) to base 11
-5353887
What is 21142030 (base 5) in base 14?
48ad7
211210001122011 (base 3) to base 2
101110001011100111111101
Convert -221111111122 (base 3) to base 15.
-9dab5
11020001002 (base 3) to base 5
10130020
-20710 (base 13) to base 12
-298ba
Convert 10001000100110100110010 (base 2) to base 9.
8372176
Convert -600bc0 (base 13) to base 14.
-420857
2b0b9 (base 15) to base 10
138549
Convert 992559 (base 15) to base 12.
253b433
What is 2113013211 (base 4) in base 10?
618981
-20a73 (base 13) to base 5
-3341111
-19cd42 (base 14) to base 16
-e063e
What is 63104600 (base 7) in base 16?
5110a6
Convert -4cb85 (base 13) to base 14.
-39d60
What is 202222110100 (base 3) in base 6?
12503443
What is -855366 (base 9) in base 16?
-7c4d9
-3161445 (base 7) to base 6
-12125100
What is 8a25 (base 14) in base 15?
7165
Convert -222120102010122 (base 3) to base 8.
-65673574
What is 67024 (base 12) in base 6?
2532044
What is -4443718 (base 11) in base 3?
-112122222011220
Convert 50533 (base 12) to base 8.
313767
What is -1022314 (base 5) in base 9?
-25541
What is -53023122 (base 6) in base 3?
-2220101111212
What is 20221211120121 (base 3) in base 6?
211124324
Convert -120c964 (base 15) to base 4.
-301122012322
Convert -20001120211 (base 3) to base 9.
-201524
24280524 (base 9) to base 2
101101010000001010111011
What is -21133333122 (base 4) in base 2?
-1001011111111111011010
What is 10331221 (base 5) in base 15?
1b80b
What is 10043252 (base 6) in base 11?
185864
Convert -426590 (base 11) to base 3.
-1021122202210
Convert -20aac8 (base 15) to base 8.
-5734772
Convert -341150540 (base 6) to base 3.
-102200222211120
What is -23235234 (base 6) in base 13?
-1c2c07
Convert 1102312 (base 4) to base 7.
21313
5132341 (base 6) to base 2
111011111100000101
132201331 (base 4) to base 7
1030405
-a748 (base 11) to base 8
-33601
What is -10203292 (base 10) in base 9?
-21171251
60a939a (base 11) to base 4
221021312003
Convert 3a602 (base 12) to base 14.
213d8
What is -1012111132 (base 4) in base 15?
-5a564
Convert -337393 (base 12) to base 4.
-3020201133
Convert -384157 (base 10) to base 7.
-3156664
What is 10010101111110001100111 (base 2) in base 11?
2857197
Convert 10404021200 (base 5) to base 13.
248b377
Convert -42266 (base 9) to base 16.
-6d14
-20100001211122 (base 3) to base 6
-200100325
What is -31c6b (base 14) in base 5?
-12323224
Convert -241607 (base 8) to base 6.
-1435235
What is -c823 (base 15) in base 8?
-122535
Convert 2242105 (base 6) to base 4.
123331121
What is 101000010110010101000 (base 2) in base 9?
2434577
Convert -2d891 (base 16) to base 8.
-554221
Convert -7c254 (base 15) to base 12.
-1709a4
-588814 (base 9) to base 5
-42313401
What is -1444113 (base 6) in base 14?
-227b7
What is -122323123 (base 4) in base 9?
-177264
-15b324 (base 12) to base 2
-1011010110100001100
What is -625546 (base 7) in base 13?
-39cbb
What is 3c4c4 (base 16) in base 12?
bab18
Convert -12132 (base 7) to base 16.
-c57
-10116060 (base 8) to base 7
-24110501
-131543053 (base 6) to base 11
-1523608
Convert 11001000101000100101011 (base 2) to base 12.
225074b
-aa3a81 (base 11) to base 9
-3275263
Convert -2c0c3 (base 13) to base 7.
-465602
Convert 6633643 (base 7) to base 14.
173193
Convert -460154 (base 14) to base 11.
-1387751
What is 11102122122 (base 3) in base 12?
4258b
Convert 352912 (base 11) to base 3.
1001110100021
Convert 143864 (base 10) to base 5.
14100424
21bb092 (base 12) to base 8
30530656
Convert 31210201 (base 5) to base 7.
2120025
-97ea (base 15) to base 3
-1122010111
What is -101110010111100001011 (base 2) in base 8?
-5627413
-37b50 (base 13) to base 10
-102986
What is 25343617 (base 8) in base 3?
101120121110011
-202202204 (base 5) to base 15
-112a39
Convert -91a42a (base 14) to base 3.
-100020022021020
-244243515 (base 6) to base 11
-27115a9
10020110111120 (base 3) to base 8
6442277
What is -2033321200 (base 4) in base 10?
-589408
What is -1406245 (base 8) in base 6?
-12255233
Convert 2013440323 (base 5) to base 14.
774882
-10312301121 (base 4) to base 6
-43141053
63a222a (base 12) to base 14
271417c
-41163 (base 14) to base 11
-a77a7
-13766 (base 11) to base 13
-8b91
-377341 (base 9) to base 13
-7cca8
What is 1343c7 (base 16) in base 7?
13505601
3959c (base 16) to base 9
387208
What is -49c1a (base 16) in base 6?
-10250350
What is -1300230330 (base 5) in base 8?
-13747437
3761e (base 16) to base 2
110111011000011110
What is 114550310 (base 6) in base 11?
126768a
What is 31268 (base 10) in base 4?
13220210
78b30 (base 13) to base 8
654411
Convert -a63192 (base 11) to base 4.
-12133222223
What is -1131141 (base 6) in base 2?
-1110010011100101
What is 4156291 (base 11) in base 8?
33752074
Convert -604651 (base 8) to base 5.
-22332311
Convert 46635430 (base 7) to base 12.
14625b7
Convert -11011110110010110101101 (base 2) to base 4.
-123312112231
-24940 (base 16) to base 2
-100100100101000000
Convert 2313001120 (base 4) to base 6.
24022344
182c2c (base 13) to base 2
10010100000000100001
Convert -64823 (base 9) to base 6.
-530503
Convert -21433410 (base 7) to base 3.
-10110111112220
Convert 2210442 (base 6) to base 4.
122323322
-280801 (base 12) to base 2
-10100010010010000001
3106650 (base 8) to base 15
113b66
What is -30111c (base 13) in base 16?
-11086e
Convert 16408 (base 13) to base 5.
2324202
What is -172d90 (base 14) in base 6?
-25244402
Convert 5aa34a (base 11) to base 16.
ebb10
10232131003 (base 4) to base 14
243695
What is -2457808 (base 9) in base 2?
-101000110100100101010
-1a150 (base 16) to base 8
-320520
2123140210 (base 5) to base 13
c19aaa
What is -2120212110001 (base 3) in base 15?
-1c2714
22615148 (base 9) to base 4
221323330211
Convert -797c9 (base 14) to base 2.
-1001000000011110101
Convert -239784 (base 10) to base 2.
-111010100010101000
Convert 2aa98 (base 11) to base 13.
16ca8
23e2b (base 15) to base 8
337606
Convert -279429 (base 12) to base 16.
-a0e21
Convert 6614516 (base 7) to base 5.
201421032
Convert 54411420 (base 6) to base 3.
10001020221210
Convert 5985174 (base 10) to base 2.
10110110101001110010110
Convert 221112121010 (base 3) to base 8.
1725674
Convert -177629 (base 10) to base 6.
-3450205
Convert 5345366 (base 7) to base 8.
2365704
What is 45015500 (base 6) in base 10?
1355580
12210212200022 (base 3) to base 16
2f1dc1
-2140033 (base 10) to base 5
-1021440113
What is a20aa (base 13) in base 10?
290144
31078 (base 10) to base 6
355514
751a26 (base 11) to base 3
2021010101102
What is -1101002000 (base 3) in base 12?
-13783
Conver